 base 10, what is 2769 + -37481?
-34712
In base 3, what is -1 - 1201000012110121?
-1201000012110122
In base 4, what is 2 - -2111322221311?
2111322221313
In base 7, what is 20623 + -52316?
-31363
In base 14, what is d0c - 3785?
-2877
In base 15, what is -27bc - -5377?
2aaa
In base 15, what is -370 - 1676?
-19e6
In base 6, what is 40 - -14421020?
14421100
In base 15, what is 10349e006 - -2?
10349e008
In base 6, what is 3 + -1511101011?
-1511101004
In base 2, what is -1010110101 + 1000100111100111?
1000011100110010
In base 4, what is -11330230 + -320?
-11331210
In base 3, what is -1120220212020 - 11?
-1120220212101
In base 12, what is 105065236 + -3?
105065233
In base 11, what is 3742638 - 6?
3742632
In base 8, what is 1 + -2047760?
-2047757
In base 5, what is -4 - 1422344312?
-1422344321
In base 3, what is -1200 + 2222011002211?
2222011001011
In base 5, what is -34241 + 111403431?
111314140
In base 7, what is 31 + 5164315?
5164346
In base 2, what is 10000011 - 1100001101110110?
-1100001011110011
In base 15, what is 10 + -121b99?
-121b89
In base 9, what is -48571 - -51843?
2262
In base 16, what is 2 - -2d15c9?
2d15cb
In base 14, what is 146ab + -19?
14692
In base 7, what is 5 - -4313150604?
4313150612
In base 8, what is -34 + -1215462?
-1215516
In base 12, what is -a5383 + -5?
-a5388
In base 3, what is -210102 + -122002021002?
-122010001111
In base 5, what is 1440332 + -123112?
1312220
In base 16, what is a7e52 - -3f?
a7e91
In base 13, what is -5 - -14b3346?
14b3341
In base 14, what is -2 - -9bb926?
9bb924
In base 7, what is -41133336 + -1?
-41133340
In base 12, what is -5 - 10a98838?
-10a98841
In base 7, what is -4 - -210020115?
210020111
In base 7, what is 660233304 - -5?
660233312
In base 5, what is -123 + 211432221?
211432043
In base 5, what is 234 - -2012230221?
2012231010
In base 15, what is 52c + 166?
693
In base 2, what is -1010001101010100110 + 100010011?
-1010001100110010011
In base 3, what is -2200202020200 + -1022?
-2200202021222
In base 13, what is -3c38 + -8c12?
-cb4a
In base 14, what is -7b8bdb - 4?
-7b8c01
In base 8, what is -20720 - 553?
-21473
In base 2, what is 1110 - -10010111011010000001011?
10010111011010000011001
In base 14, what is 108 - 1378d5?
-1377cb
In base 6, what is 125 + 205452132?
205452301
In base 13, what is -6 - 1506073?
-1506079
In base 14, what is 18 - -2006b1?
2006c9
In base 12, what is -8bb4 - -765?
-844b
In base 13, what is -3818615 + 5?
-3818610
In base 12, what is 3 - 1376122?
-137611b
In base 2, what is 11 + -1001110111110111000101001010?
-1001110111110111000101000111
In base 2, what is 1110001111100111101 - 1100?
1110001111100110001
In base 16, what is -10 + -b2c99?
-b2ca9
In base 2, what is -11000000100110100001 - 10?
-11000000100110100011
In base 10, what is 1167 + 174984?
176151
In base 10, what is 5 - 158633463?
-158633458
In base 7, what is -611 + 1264610?
1263666
In base 10, what is -106866 + -437?
-107303
In base 8, what is 35342 + 137731?
175273
In base 10, what is -5 - 4230566?
-4230571
In base 15, what is 6e + -8de45?
-8ddc6
In base 16, what is 0 + -39e9b9?
-39e9b9
In base 10, what is 56 - 12785381?
-12785325
In base 9, what is -1 - -2473042?
2473041
In base 6, what is 1130411 + -20523?
1105444
In base 6, what is 1151341405 - -53?
1151341502
In base 13, what is 29a4b74 + -1?
29a4b73
In base 2, what is -1100110010111110000 + -100001001?
-1100110011011111001
In base 16, what is -7de1ffb - 0?
-7de1ffb
In base 14, what is 9d2 - -4a75?
5667
In base 6, what is -300 - 15505452?
-15510152
In base 5, what is 124221 + 103111?
232332
In base 10, what is -508443807 - 5?
-508443812
In base 13, what is -2608bb - -84?
-260837
In base 10, what is -4066 + 358675?
354609
In base 4, what is 22202 + 11013303?
11102111
In base 11, what is 312693 - -13?
3126a6
In base 11, what is -1806 + -7371?
-9077
In base 8, what is 2 - 33726533?
-33726531
In base 8, what is 357524 - 122?
357402
In base 6, what is 30250452 - -1?
30250453
In base 3, what is 10202011 + 20101212?
101011000
In base 11, what is 7276a555 + 1?
7276a556
In base 10, what is 35 - -181882?
181917
In base 4, what is 30322323 - 110?
30322213
In base 6, what is 14452 - 3142430?
-3123534
In base 11, what is 359a1 + 27?
35a18
In base 9, what is -304802 - -5?
-304786
In base 7, what is -1 + 2151363540?
2151363536
In base 8, what is 5 + -623?
-616
In base 10, what is -377894 - -1204?
-376690
In base 14, what is 20b47626 + 2?
20b47628
In base 7, what is -222341 + 34154?
-155154
In base 14, what is -901a39 - 2?
-901a3b
In base 8, what is -4 + -4002155?
-4002161
In base 2, what is 100000100111011011111 + 1011?
100000100111011101010
In base 6, what is -154413255 - -22?
-154413233
In base 12, what is -2960b6 + -17?
-296111
In base 13, what is -205 - -b02a?
ab25
In base 12, what is -9ab4873 - -6?
-9ab4869
In base 7, what is 3216605430 - -15?
3216605445
In base 16, what is 5 - -2a37fd?
2a3802
In base 4, what is -201213103 + 101?
-201213002
In base 10, what is -55459 + -7498?
-62957
In base 14, what is -4aa999 + 7d?
-4aa91a
In base 13, what is -22b + 746c6?
74498
In base 7, what is -152 + -4110116?
-4110301
In base 16, what is 18 + 201edb8?
201edd0
In base 5, what is -10021 + 22103?
12032
In base 6, what is 3501 + 32203?
40104
In base 7, what is -3554 - 1033416?
-1040303
In base 13, what is 9b5 - -187834?
188519
In base 13, what is 234 - -517191?
5173c5
In base 15, what is -6276 - 5a3?
-6829
In base 5, what is 412343243332 - 0?
412343243332
In base 4, what is 11123 - 1232230?
-1221101
In base 10, what is 121 - -6362843?
6362964
In base 12, what is 2819 + -38bb3?
-36396
In base 3, what is 20202022100212 + 2?
20202022100221
In base 8, what is 16270475 + -122?
16270353
In base 4, what is -11 - 22300201032111?
-22300201032122
In base 9, what is 1576 - 110200?
-107513
In base 6, what is -2 - 344204322?
-344204324
In base 8, what is 72722 - -3647?
76571
In base 11, what is -2190a66 - 73?
-2191029
In base 14, what is 3 + -36d094?
-36d091
In base 11, what is 19aa40806 - 2?
19aa40804
In base 15, what is -2790934 - -4?
-2790930
In base 15, what is -26128 - -14e?
-25ec9
In base 9, what is -82380788 - -4?
-82380784
In base 16, what is -6a92f - b?
-6a93a
In base 11, what is -a03a50a - -2?
-a03a508
In base 9, what is 331135 - -37?
331173
In base 15, what is 56 + -2a773?
-2a71c
In base 8, what is 62037462 + 3?
62037465
In base 12, what is 1 + 3273639?
327363a
In base 8, what is 1 - 102673233?
-102673232
In base 3, what is -221000001121000 - -2?
-221000001120221
In base 7, what is -13353301 + 4?
-13353264
In base 9, what is 6 - 8680855?
-8680848
In base 14, what is 1cb + 29cda?
2a0c7
In base 5, what is -323131003 + 10?
-323130443
In base 16, what is -3bc70c3 + 0?
-3bc70c3
In base 11, what is -102aa4 - -5a4?
-102500
In base 14, what is -2325 - 2881?
-4ba6
In base 13, what is -cc38 + 45c?
-c7a9
In base 14, what is 655 + 15c7?
1c3c
In base 12, what is -1 - -3a4a7?
3a4a6
In base 16, what is -1715 - 11975?
-1308a
In base 2, what is 100010011010001001 - 1000111?
100010011001000010
In base 6, what is 1 + -153242020?
-153242015
In base 13, what is 3 + 1a957b2?
1a957b5
In base 3, what is 1 - 22112222011011?
-22112222011010
In base 4, what is -1312 + 320121223?
320113311
In base 11, what is 0 - -2567584?
2567584
In base 5, what is 423410202 + 130?
423410332
In base 15, what is 159a8 + 2e1?
15c99
In base 11, what is 121331725 + -5?
121331720
In base 15, what is 8 - b8cb50?
-b8cb47
In base 14, what is -71aa + c62?
-6348
In base 15, what is c + 5adec?
5ae09
In base 11, what is 90a409a2 - 0?
90a409a2
In base 8, what is -341717 - 106?
-342025
In base 15, what is 109903 - -31?
109934
In base 6, what is 2400 - 4334513?
-4332113
In base 3, what is 20220002 + -100022012101?
-100001022022
In base 5, what is -12432 - 123430430?
-123443412
In base 2, what is 1000001111000 + 100110001111001101?
100111010001000101
In base 6, what is -2035325 + -255?
-2040024
In base 6, what is -31520502 - 325?
-31521231
In base 7, what is -22 + 62306?
62254
In base 9, what is 40 + 2150056?
2150106
In base 3, what is -10020012 - -1020111001?
1010020212
In base 11, what is -a + -529891?
-5298a0
In base 15, what is -412db2 + 34?
-412d7d
In base 9, what is -456354037 - 0?
-456354037
In base 5, what is -2044 - 21423?
-24022
In